{"id":84,"date":"2025-03-27T17:54:25","date_gmt":"2025-03-27T17:54:25","guid":{"rendered":"https:\/\/nacionaldetango.cl\/?page_id=84"},"modified":"2026-02-09T16:19:11","modified_gmt":"2026-02-09T16:19:11","slug":"jurado","status":"publish","type":"page","link":"https:\/\/nacionaldetango.cl\/index.php\/jurado\/","title":{"rendered":"Jurado"},"content":{"rendered":"\n<h2 class=\"wp-block-heading\">Florencia Anabella Zarate Castilla y Guido Palacios<\/h2>\n\n\n\n<figure class=\"wp-block-image size-large\"><img loading=\"lazy\" decoding=\"async\" width=\"1024\" height=\"573\" src=\"https:\/\/nacionaldetango.cl\/wp-content\/uploads\/2025\/03\/jurado1-1-1024x573.jpg\" alt=\"\" class=\"wp-image-89\" srcset=\"https:\/\/nacionaldetango.cl\/wp-content\/uploads\/2025\/03\/jurado1-1-1024x573.jpg 1024w, https:\/\/nacionaldetango.cl\/wp-content\/uploads\/2025\/03\/jurado1-1-300x168.jpg 300w, https:\/\/nacionaldetango.cl\/wp-content\/uploads\/2025\/03\/jurado1-1-768x430.jpg 768w, https:\/\/nacionaldetango.cl\/wp-content\/uploads\/2025\/03\/jurado1-1.jpg 1200w\" sizes=\"auto, (max-width: 1024px) 100vw, 1024px\" \/><\/figure>\n\n\n\n<h2 class=\"wp-block-heading\">CAMPEONES MUNDIALES DE TANGO ESCENARIO 2013.&nbsp;<\/h2>\n\n\n\n<p>Trabajan juntos como pareja desde el a\u00f1o 2009 tomando clases y formando partes de los shows de tango m\u00e1s aclamados por el mundo. Durante los a\u00f1os 2015 y 2016 fueron maestros de los ciclos : PLAN NACIONAL DE TANGO , y SELECCIONADO FEDERAL DE TANGO, organizados y promovidos por el MINISTERIO DE CULTURA DE LA NACION. En su larga trayectoria han sido seleccionados, en varias oportunidades, para agasajar a visitas internacionales como:&nbsp;<\/p>\n\n\n\n<ul class=\"wp-block-list\">\n<li>Madonna (2012)&nbsp;<\/li>\n\n\n\n<li>Mick Jagger (2016)<\/li>\n\n\n\n<li>Mariano Rajoy (2018) presidente de Espa\u00f1a.<\/li>\n<\/ul>\n\n\n\n<p><strong>Felipe y Leticia<\/strong> (2019) Reyes de Espa\u00f1a, entre otros. Integraron la compa\u00f1\u00eda Estampas Porte\u00f1as, en sus giras 2016\/17, en 2017 y 2018 integraron la compa\u00f1\u00eda Forever Tango ocupando el papel protag\u00f3nico en su gira por china, desde 2018 hasta la actualidad forman parte de la compa\u00f1\u00eda Tango Lovers realizando sus giras anuales alrededor del mundo. Desde el 2018 hasta el momento son bailarines\/core\u00f3grafos y Capit\u00e1n Dancers de Semino Rossi Live On Tour en sus giras por Europa. En la actualidad son core\u00f3grafos, bailarines y directores art\u00edsticos de Palacio Tango y adem\u00e1s formaron su &nbsp;propia compa\u00f1\u00eda llamada \u2013 TANGO PRESENT- un espect\u00e1culo de tango, que recorre el mundo difundiendo la danza y la m\u00fasica argentina.<\/p>\n\n\n\n<hr class=\"wp-block-separator has-alpha-channel-opacity is-style-wide\"\/>\n\n\n\n<p>en construcci\u00f3n<\/p>\n","protected":false},"excerpt":{"rendered":"<p>Florencia Anabella Zarate Castilla y Guido Palacios CAMPEONES MUNDIALES DE TANGO ESCENARIO 2013.&nbsp; Trabajan juntos como pareja desde el a\u00f1o 2009 tomando clases y formando partes de los shows de tango m\u00e1s aclamados por el mundo. Durante los a\u00f1os 2015 y 2016 fueron maestros de los ciclos : PLAN NACIONAL DE TANGO , y SELECCIONADO [&hellip;]<\/p>\n","protected":false},"author":1,"featured_media":326,"parent":0,"menu_order":0,"comment_status":"closed","ping_status":"closed","template":"","meta":{"footnotes":""},"class_list":["post-84","page","type-page","status-publish","has-post-thumbnail","hentry"],"_links":{"self":[{"href":"https:\/\/nacionaldetango.cl\/index.php\/wp-json\/wp\/v2\/pages\/84","targetHints":{"allow":["GET"]}}],"collection":[{"href":"https:\/\/nacionaldetango.cl\/index.php\/wp-json\/wp\/v2\/pages"}],"about":[{"href":"https:\/\/nacionaldetango.cl\/index.php\/wp-json\/wp\/v2\/types\/page"}],"author":[{"embeddable":true,"href":"https:\/\/nacionaldetango.cl\/index.php\/wp-json\/wp\/v2\/users\/1"}],"replies":[{"embeddable":true,"href":"https:\/\/nacionaldetango.cl\/index.php\/wp-json\/wp\/v2\/comments?post=84"}],"version-history":[{"count":13,"href":"https:\/\/nacionaldetango.cl\/index.php\/wp-json\/wp\/v2\/pages\/84\/revisions"}],"predecessor-version":[{"id":332,"href":"https:\/\/nacionaldetango.cl\/index.php\/wp-json\/wp\/v2\/pages\/84\/revisions\/332"}],"wp:featuredmedia":[{"embeddable":true,"href":"https:\/\/nacionaldetango.cl\/index.php\/wp-json\/wp\/v2\/media\/326"}],"wp:attachment":[{"href":"https:\/\/nacionaldetango.cl\/index.php\/wp-json\/wp\/v2\/media?parent=84"}],"curies":[{"name":"wp","href":"https:\/\/api.w.org\/{rel}","templated":true}]}}